{"id":1702,"date":"2019-03-15T11:03:47","date_gmt":"2019-03-15T11:03:47","guid":{"rendered":"http:\/\/www.kimble.fi\/wordpress\/?page_id=1702"},"modified":"2019-09-17T10:01:31","modified_gmt":"2019-09-17T09:01:31","slug":"kimble-ilme20","status":"publish","type":"page","link":"https:\/\/www.kimble.fi\/wordpress\/index.php\/kimble-ilme20\/","title":{"rendered":"Kimble-ilme20 -suunnittelukilpailu 2019"},"content":{"rendered":"\n<figure class=\"wp-block-image\"><img loading=\"lazy\" decoding=\"async\" width=\"2826\" height=\"1574\" src=\"https:\/\/www.kimble.fi\/wordpress\/wp-content\/uploads\/2019\/04\/Kimble-ILME20_ilmo_040419-01.png\" alt=\"\" class=\"wp-image-1768\" srcset=\"https:\/\/www.kimble.fi\/wordpress\/wp-content\/uploads\/2019\/04\/Kimble-ILME20_ilmo_040419-01.png 2826w, https:\/\/www.kimble.fi\/wordpress\/wp-content\/uploads\/2019\/04\/Kimble-ILME20_ilmo_040419-01-300x167.png 300w, https:\/\/www.kimble.fi\/wordpress\/wp-content\/uploads\/2019\/04\/Kimble-ILME20_ilmo_040419-01-768x428.png 768w, https:\/\/www.kimble.fi\/wordpress\/wp-content\/uploads\/2019\/04\/Kimble-ILME20_ilmo_040419-01-1024x570.png 1024w\" sizes=\"(max-width: 2826px) 100vw, 2826px\" \/><\/figure>\n\n\n\n<hr class=\"wp-block-separator is-style-dots\"\/>\n\n\n\n<h3 class=\"wp-block-heading\"><strong>Osallistuminen Ilme20-kilpailuun on p\u00e4\u00e4ttynyt. Kiitos kaikille osallistujille!<\/strong><\/h3>\n\n\n\n<ul class=\"wp-block-list\"><li>10 jatkoon p\u00e4\u00e4ssytt\u00e4 ty\u00f6t\u00e4 esittelyss\u00e4 <a href=\"https:\/\/www.kimble.fi\/wordpress\/index.php\/semifinalistit\/\">t\u00e4ll\u00e4 sivulla<\/a>.<\/li><li>Yleis\u00f6 \u00e4\u00e4nest\u00e4\u00e4 omaa suosikkiaan jatkoon p\u00e4\u00e4sseist\u00e4 t\u00f6ist\u00e4&nbsp;<a rel=\"noreferrer noopener\" href=\"https:\/\/www.facebook.com\/kimble.fi\/\" target=\"_blank\">Kimblen Facebook -sivulla<\/a> 12.8.2019 asti.<\/li><\/ul>\n\n\n\n<hr class=\"wp-block-separator\"\/>\n\n\n\n<h3 class=\"wp-block-heading\"><strong>Milt\u00e4 vuoden 2020 Kimble n\u00e4ytt\u00e4\u00e4, jos sin\u00e4 suunnittelet sen?<\/strong><\/h3>\n\n\n\n<p><strong>Tactic<\/strong> ja <strong>Grafia<\/strong> j\u00e4rjest\u00e4v\u00e4t yhdess\u00e4 suunnittelukilpailun, jolla etsit\u00e4\u00e4n Kimble-ilmett\u00e4 vuodelle 2020. <\/p>\n\n\n\n<p>Finalistit\u00f6ist\u00e4 tullaan valmistamaan rajattu Kimble-painos myyt\u00e4v\u00e4ksi Tactic Games Oy:n jakelukanavissa.<\/p>\n\n\n\n<h4 class=\"wp-block-heading\"><strong>Mit\u00e4<\/strong><\/h4>\n\n\n\n<p>Suunnittele Kimblelle uusi graafinen ilme.  <br>Kilpailuty\u00f6h\u00f6n kuuluu kolme osaa: <\/p>\n\n\n\n<ul class=\"wp-block-list\"><li>pakkauksen kansi<\/li><li>Kimble-lauta<\/li><li>nappuloiden v\u00e4ri <\/li><\/ul>\n\n\n\n<p><strong>Arviointiperusteet:<\/strong>Luovaa suunnitteluprosessia ei haluta rajoittaa, vaan suunnittelijoille annetaan vapaat k\u00e4det. Kilpailijoiden kannattaa kuitenkin pohtia tuotteen kaupallisuutta ja valmistettavuutta sek\u00e4 tutustua Kimble-br\u00e4ndiin ja huomioida tuotteen kotimaisuus. <\/p>\n\n\n\n<ul class=\"wp-block-list\"><li>idean luovuus<\/li><li>visuaalinen viesti<\/li><li>suunnitelman uutuusarvo ja erottuvuus<\/li><\/ul>\n\n\n\n<h4 class=\"wp-block-heading\"><strong>Kenelle<\/strong><\/h4>\n\n\n\n<p>Kimble-Ilme20 -suunnittelukilpailu on suunnattu kaikille visuaalisen suunnittelun ammattilaisille ja opiskelijoille.<\/p>\n\n\n\n<h4 class=\"wp-block-heading\"><strong>Koska<\/strong><\/h4>\n\n\n\n<p>Kilpailu alkaa perjantaina 5.4.2019 ja kilpailuty\u00f6t j\u00e4tet\u00e4\u00e4n perjantaina 31.5.2019 klo. 24:00 menness\u00e4.<\/p>\n\n\n\n<h4 class=\"wp-block-heading\"><strong>Kilpailun eteneminen<\/strong><\/h4>\n\n\n\n<p><strong>Alkukarsinta:<\/strong> Kaikkien osallistuneiden joukosta Tactic Games Oy valitsee 10 parasta ty\u00f6t\u00e4, jotka julkaistaan kimble.fi -sivustolla. <\/p>\n\n\n\n<p> <strong>Yleis\u00f6n suosikki: <\/strong>Valituista t\u00f6ist\u00e4 (10) j\u00e4rjestet\u00e4\u00e4n yleis\u00f6n suosikki -kilpailu <a rel=\"noreferrer noopener\" aria-label=\"Kimblen Facebook -sivulla (avautuu uudessa v\u00e4lilehdess\u00e4)\" href=\"https:\/\/www.facebook.com\/kimble.fi\/\" target=\"_blank\">Kimblen Facebook -sivulla<\/a> kes\u00e4ll\u00e4 2019.<\/p>\n\n\n\n<p><strong>Finaali:<\/strong>  Tuomaristo valitsee 10 parhaan ty\u00f6n joukosta finalistit (3kpl) kes\u00e4n aikana.  Finalistit julkaistaan alkusyksyst\u00e4.\u200b  Voittajat  <br>(1., 2. ja 3. sija)\u00a0 ja yleis\u00f6n suosikki julkaistaan lokakuussa 2019 j\u00e4rjestett\u00e4v\u00e4ss\u00e4 tapahtumassa.  Paikka ilmoitetaan my\u00f6hemmin.<\/p>\n\n\n\n<h4 class=\"wp-block-heading\"><strong>Palkinnot<\/strong><\/h4>\n\n\n\n<ol class=\"wp-block-list\"><li>sija: 5000\u20ac<\/li><li>sija: 3000\u20ac<\/li><li>sija: 1000\u20ac<\/li><li>Yleis\u00f6n suosikki: Tactic-tuotepalkinto ja diplomi<\/li><\/ol>\n\n\n\n<h4 class=\"wp-block-heading\"><strong>Kilpailuun osallistuminen<\/strong> <strong>on p\u00e4\u00e4ttynyt<\/strong><\/h4>\n\n\n\n<ul class=\"wp-block-list\"><li>Lue <a href=\"https:\/\/www.kimble.fi\/wordpress\/index.php\/kimble-ilme20-kilpailun-saannot\/\">s\u00e4\u00e4nn\u00f6t <\/a>huolellisesti ennen osallistumista. Osallistumalla kilpailuun hyv\u00e4ksyt kilpailun ehdot.<\/li><li>Lue kilpailun <a href=\"https:\/\/www.kimble.fi\/wordpress\/index.php\/kimble-ilme20\/kimble-ilme20-tietosuojaseloste\/\">tietosuojaseloste<\/a>. Osallistumalla kilpailuun annat Tactic Games Oy:lle luvan k\u00e4ytt\u00e4\u00e4 henkil\u00f6tietojasi kilpailun yhteydess\u00e4.<\/li><li>Lataa aineisto t\u00e4\u00e4lt\u00e4 (ai, pdf). Osallistuminen on p\u00e4\u00e4ttynyt<\/li><li>Kilpailua koskevat kysymykset suomeksi ja englanniksi: kilpailu(at)kimble.fi<\/li><\/ul>\n\n\n\n<p> Kilpailun etenemisest\u00e4 voi seurata t\u00e4ll\u00e4 sivulla sek\u00e4 <a rel=\"noreferrer noopener\" href=\"https:\/\/www.facebook.com\/kimble.fi\/\" target=\"_blank\">Kimblen Facebook -sivulla.<\/a><\/p>\n\n\n\n<p>&nbsp;Kilpailun hashtag on #kimbleilme20, mutta huomaathan, ett\u00e4 kilpailut\u00f6it\u00e4 ei saa julkaista ennen 10 jatkoon p\u00e4\u00e4sseen ty\u00f6n julkistamista.  <\/p>\n\n\n\n<h4 class=\"wp-block-heading\"><strong>Yhteisty\u00f6ss\u00e4<\/strong><\/h4>\n\n\n\n<p><a href=\"https:\/\/www.grafia.fi\/\" target=\"_blank\" rel=\"noreferrer noopener\" aria-label=\" (avautuu uudessa v\u00e4lilehdess\u00e4)\">Grafia.fi<\/a><\/p>\n\n\n\n<p><a href=\"https:\/\/avainlippu.suomalainentyo.fi\" target=\"_blank\" rel=\"noreferrer noopener\" aria-label=\"Avainlippu\/Suomalainentyo.fi (avautuu uudessa v\u00e4lilehdess\u00e4)\">Avainlippu\/Suomalainentyo.fi<\/a><\/p>\n\n\n\n<div class=\"wp-block-image\"><figure class=\"aligncenter\"><img loading=\"lazy\" decoding=\"async\" width=\"1024\" height=\"646\" src=\"https:\/\/www.kimble.fi\/wordpress\/wp-content\/uploads\/2019\/03\/kimble_lauta_vektorit-1024x646.jpg\" alt=\"\" class=\"wp-image-1704\" srcset=\"https:\/\/www.kimble.fi\/wordpress\/wp-content\/uploads\/2019\/03\/kimble_lauta_vektorit-1024x646.jpg 1024w, https:\/\/www.kimble.fi\/wordpress\/wp-content\/uploads\/2019\/03\/kimble_lauta_vektorit-300x189.jpg 300w, https:\/\/www.kimble.fi\/wordpress\/wp-content\/uploads\/2019\/03\/kimble_lauta_vektorit-768x485.jpg 768w\" sizes=\"(max-width: 1024px) 100vw, 1024px\" \/><\/figure><\/div>\n\n\n\n\n\n<div class=\"wp-block-image\"><figure class=\"aligncenter is-resized\"><img loading=\"lazy\" decoding=\"async\" src=\"https:\/\/www.kimble.fi\/wordpress\/wp-content\/uploads\/2019\/03\/39287.jpg\" alt=\"\" class=\"wp-image-1725\" width=\"339\" height=\"248\" srcset=\"https:\/\/www.kimble.fi\/wordpress\/wp-content\/uploads\/2019\/03\/39287.jpg 412w, https:\/\/www.kimble.fi\/wordpress\/wp-content\/uploads\/2019\/03\/39287-300x220.jpg 300w\" sizes=\"(max-width: 339px) 100vw, 339px\" \/><\/figure><\/div>\n\n\n\n<div class=\"wp-block-image\"><figure class=\"aligncenter is-resized\"><img loading=\"lazy\" decoding=\"async\" src=\"https:\/\/www.kimble.fi\/wordpress\/wp-content\/uploads\/2019\/03\/Onhan_siin\u00e4_Avainlippu_Meill\u00e4_on-1024x313.png\" alt=\"\" class=\"wp-image-1706\" width=\"437\" height=\"135\" srcset=\"https:\/\/www.kimble.fi\/wordpress\/wp-content\/uploads\/2019\/03\/Onhan_siin\u00e4_Avainlippu_Meill\u00e4_on-1024x313.png 1024w, https:\/\/www.kimble.fi\/wordpress\/wp-content\/uploads\/2019\/03\/Onhan_siin\u00e4_Avainlippu_Meill\u00e4_on-300x92.png 300w, https:\/\/www.kimble.fi\/wordpress\/wp-content\/uploads\/2019\/03\/Onhan_siin\u00e4_Avainlippu_Meill\u00e4_on-768x235.png 768w, https:\/\/www.kimble.fi\/wordpress\/wp-content\/uploads\/2019\/03\/Onhan_siin\u00e4_Avainlippu_Meill\u00e4_on.png 1531w\" sizes=\"(max-width: 437px) 100vw, 437px\" \/><\/figure><\/div>\n\n\n\n<div class=\"wp-block-image\"><figure class=\"aligncenter is-resized\"><a href=\"http:\/\/www.tactic.net\/\" target=\"_blank\" rel=\"noreferrer noopener\"><img loading=\"lazy\" decoding=\"async\" src=\"https:\/\/www.kimble.fi\/wordpress\/wp-content\/uploads\/2016\/12\/Tactic_Games_Oy_logo.png\" alt=\"\" class=\"wp-image-541\" width=\"268\" height=\"104\" srcset=\"https:\/\/www.kimble.fi\/wordpress\/wp-content\/uploads\/2016\/12\/Tactic_Games_Oy_logo.png 492w, https:\/\/www.kimble.fi\/wordpress\/wp-content\/uploads\/2016\/12\/Tactic_Games_Oy_logo-300x117.png 300w\" sizes=\"(max-width: 268px) 100vw, 268px\" \/><\/a><\/figure><\/div>\n","protected":false},"excerpt":{"rendered":"<p>Osallistuminen Ilme20-kilpailuun on p\u00e4\u00e4ttynyt. Kiitos kaikille osallistujille! 10 jatkoon p\u00e4\u00e4ssytt\u00e4 ty\u00f6t\u00e4 esittelyss\u00e4 t\u00e4ll\u00e4 sivulla. Yleis\u00f6 \u00e4\u00e4nest\u00e4\u00e4 omaa suosikkiaan jatkoon p\u00e4\u00e4sseist\u00e4 t\u00f6ist\u00e4&nbsp;Kimblen Facebook -sivulla 12.8.2019 asti. Milt\u00e4 vuoden 2020 Kimble n\u00e4ytt\u00e4\u00e4, jos sin\u00e4 suunnittelet sen?&#46;&#46;&#46;<\/p>\n","protected":false},"author":2,"featured_media":0,"parent":0,"menu_order":0,"comment_status":"closed","ping_status":"closed","template":"","meta":{"footnotes":""},"class_list":["post-1702","page","type-page","status-publish","hentry"],"_links":{"self":[{"href":"https:\/\/www.kimble.fi\/wordpress\/index.php\/wp-json\/wp\/v2\/pages\/1702"}],"collection":[{"href":"https:\/\/www.kimble.fi\/wordpress\/index.php\/wp-json\/wp\/v2\/pages"}],"about":[{"href":"https:\/\/www.kimble.fi\/wordpress\/index.php\/wp-json\/wp\/v2\/types\/page"}],"author":[{"embeddable":true,"href":"https:\/\/www.kimble.fi\/wordpress\/index.php\/wp-json\/wp\/v2\/users\/2"}],"replies":[{"embeddable":true,"href":"https:\/\/www.kimble.fi\/wordpress\/index.php\/wp-json\/wp\/v2\/comments?post=1702"}],"version-history":[{"count":60,"href":"https:\/\/www.kimble.fi\/wordpress\/index.php\/wp-json\/wp\/v2\/pages\/1702\/revisions"}],"predecessor-version":[{"id":2107,"href":"https:\/\/www.kimble.fi\/wordpress\/index.php\/wp-json\/wp\/v2\/pages\/1702\/revisions\/2107"}],"wp:attachment":[{"href":"https:\/\/www.kimble.fi\/wordpress\/index.php\/wp-json\/wp\/v2\/media?parent=1702"}],"curies":[{"name":"wp","href":"https:\/\/api.w.org\/{rel}","templated":true}]}}