{"id":549,"date":"2016-12-27T08:35:42","date_gmt":"2016-12-27T08:35:42","guid":{"rendered":"http:\/\/www.kimble.fi\/wordpress\/?page_id=549"},"modified":"2017-09-25T08:06:22","modified_gmt":"2017-09-25T07:06:22","slug":"pelaajille","status":"publish","type":"page","link":"https:\/\/www.kimble.fi\/wordpress\/index.php\/kimbleturnaus\/pelaajille\/","title":{"rendered":"Pelaajille"},"content":{"rendered":"<h4><span style=\"color: #808080;\"><strong><img loading=\"lazy\" decoding=\"async\" class=\"alignnone wp-image-884 size-full\" src=\"https:\/\/www.kimble.fi\/wordpress\/wp-content\/uploads\/2017\/01\/pelaajille_banner.png\" width=\"1063\" height=\"382\" srcset=\"https:\/\/www.kimble.fi\/wordpress\/wp-content\/uploads\/2017\/01\/pelaajille_banner.png 1063w, https:\/\/www.kimble.fi\/wordpress\/wp-content\/uploads\/2017\/01\/pelaajille_banner-300x108.png 300w, https:\/\/www.kimble.fi\/wordpress\/wp-content\/uploads\/2017\/01\/pelaajille_banner-768x276.png 768w, https:\/\/www.kimble.fi\/wordpress\/wp-content\/uploads\/2017\/01\/pelaajille_banner-1024x368.png 1024w\" sizes=\"(max-width: 1063px) 100vw, 1063px\" \/><\/strong><\/span><\/h4>\n<h6 style=\"text-align: right;\"><span style=\"color: #808080;\"><strong><a href=\"https:\/\/www.kimble.fi\/wordpress\/index.php\/kimbleturnaus\/pelaajille\/\">Suomeksi<\/a> \u00a0 \u00a0 <a href=\"https:\/\/www.kimble.fi\/wordpress\/index.php\/kimbleturnaus\/for-spelarna\/\">p\u00e5 svenska<\/a><\/strong><\/span><\/h6>\n<h4 style=\"padding-left: 30px;\"><span style=\"color: #808080;\">Vuonna 2017, kun Suomi juhlii satavuotista ja Kimble viisikymmenvuotista historiaansa, Tactic Games j\u00e4rjesti Suomi100-<a href=\"http:\/\/suomifinland100.fi\/project\/suomi-pelaa-kimblea-turnaus\/\" target=\"_blank\" rel=\"noopener noreferrer\">ohjelmistoon<\/a> kuuluvan Suomi pelaa Kimble\u00e4 -turnauksen!<\/span><\/h4>\n<p style=\"text-align: center;\"><span style=\"color: #808080;\">Turnaus on p\u00e4\u00e4ttynyt. Katso tulokset <a href=\"https:\/\/www.kimble.fi\/wordpress\/index.php\/kimbleturnaus\/sm-finaalipelimarkkinat\/\">t\u00e4\u00e4lt\u00e4<\/a>.\u00a0<\/span><\/p>\n<hr style=\"padding-left: 30px;\" \/>\n<p style=\"padding-left: 30px;\"><span style=\"color: #808080;\">Kilpailussa ratkaisevat taidot Kimblen pelaamisessa. Vuodesta 1967 pelaajia valloittanut Kimble sopii kaikenik\u00e4isille pelaajille, joten se tarjoaa tasav\u00e4kisen mittel\u00f6n kaikille pelikokemukseen katsomatta. Turnaukseen saattoi l\u00e4hte\u00e4 mukaan yht\u00e4 hyvin pit\u00e4m\u00e4\u00e4n hauskaa kuin tavoittelemaan p\u00e4\u00e4m\u00e4\u00e4r\u00e4tietoisesti suomenmestaruutta!<br \/>\n<\/span><\/p>\n<p style=\"padding-left: 30px;\"><span style=\"color: #808080;\">Tarkista oliko sinua l\u00e4hin kirjasto tai koulu virallinen osakilpailun j\u00e4rjest\u00e4j\u00e4. Kouluissa j\u00e4rjestett\u00e4v\u00e4t kilpailut oli tarkoitettu p\u00e4\u00e4s\u00e4\u00e4nt\u00f6isesti koulujen omille oppilaille, mutta kirjastoissa turnaukseen saattoi osallistua kuka tahansa.<\/span><\/p>\n<p style=\"padding-left: 30px;\"><strong><span style=\"color: #808080;\">Katso <a href=\"https:\/\/www.kimble.fi\/wordpress\/index.php\/osakilpailujen-jarjestajat\"><u>t\u00e4\u00e4lt\u00e4<\/u><\/a> oliko sinun l\u00e4hikirjastosi tai koulusi mukana ja mist\u00e4 osakilpailusta selvittiin finaaliin asti!<\/span><\/strong><strong><span style=\"color: #808080;\"><br \/>\n<\/span><\/strong><\/p>\n<p style=\"padding-left: 30px;\"><span style=\"color: #808080;\">Osakilpailujen voittajat palkittiin Kimble aiheisella palkinnolla ja he p\u00e4\u00e4sev\u00e4t kilpailemaan maakuntakirjastoissa j\u00e4rjestett\u00e4viin semifinaaleihin.<\/span><\/p>\n<div id=\"attachment_1046\" style=\"width: 310px\" class=\"wp-caption alignright\"><a href=\"https:\/\/www.kimble.fi\/wordpress\/wp-content\/uploads\/2016\/11\/turnauskaavio_se_fi_timetable-25.jpg\" data-rel=\"lightbox-image-0\" data-rl_title=\"\" data-rl_caption=\"\" title=\"\"><img loading=\"lazy\" decoding=\"async\" aria-describedby=\"caption-attachment-1046\" class=\"wp-image-1046 size-medium\" src=\"https:\/\/www.kimble.fi\/wordpress\/wp-content\/uploads\/2016\/11\/turnauskaavio_se_fi_timetable-25-300x108.jpg\" alt=\"\" width=\"300\" height=\"108\" srcset=\"https:\/\/www.kimble.fi\/wordpress\/wp-content\/uploads\/2016\/11\/turnauskaavio_se_fi_timetable-25-300x108.jpg 300w, https:\/\/www.kimble.fi\/wordpress\/wp-content\/uploads\/2016\/11\/turnauskaavio_se_fi_timetable-25-768x278.jpg 768w, https:\/\/www.kimble.fi\/wordpress\/wp-content\/uploads\/2016\/11\/turnauskaavio_se_fi_timetable-25-1024x370.jpg 1024w, https:\/\/www.kimble.fi\/wordpress\/wp-content\/uploads\/2016\/11\/turnauskaavio_se_fi_timetable-25.jpg 1995w\" sizes=\"(max-width: 300px) 100vw, 300px\" \/><\/a><p id=\"caption-attachment-1046\" class=\"wp-caption-text\">Turnaustaulukko<\/p><\/div>\n<p style=\"padding-left: 30px;\"><span style=\"color: #808080;\">Semifinaalin voittaja p\u00e4\u00e4see mukaan syksyll\u00e4 j\u00e4rjestett\u00e4v\u00e4\u00e4n, varsinaiseen Suomenmestaruusmittel\u00f6\u00f6n, jossa h\u00e4n voi voittaa mestaruuden lis\u00e4ksi 3000\u20ac arvoisen rahapotin.\u00a0Turnauksen <a href=\"https:\/\/www.kimble.fi\/wordpress\/index.php\/kimbleturnaus\/sm-finaalipelimarkkinat\/\">finaali<\/a> j\u00e4rjestet\u00e4\u00e4n Porin p\u00e4iv\u00e4n\u00e4 23.9. Porissa, Kauppakeskus Puuvillan p\u00e4\u00e4lavalla. Finalisteille (sek\u00e4 alaik\u00e4iselle kilpailijalle 1 huoltaja)\u00a0sponsoroidaan edestakaiset juna-\/bussiliput Poriin sek\u00e4 ruokailu.<\/span><\/p>\n<p style=\"padding-left: 30px;\"><span style=\"color: #808080;\"><strong>Kuka on seuraava suomenmestari? <\/strong>Tule mukaan kannustamaan semifinalisteja kohti Kimblen suomenmestaruutta!<br \/>\n<\/span><\/p>\n<p style=\"padding-left: 30px;\"><a href=\"https:\/\/www.facebook.com\/kimble.fi\/\" target=\"_blank\" rel=\"noopener noreferrer\"><img loading=\"lazy\" decoding=\"async\" class=\"alignnone wp-image-593\" src=\"https:\/\/www.kimble.fi\/wordpress\/wp-content\/uploads\/2016\/12\/face-17-150x150.png\" width=\"50\" height=\"51\" srcset=\"https:\/\/www.kimble.fi\/wordpress\/wp-content\/uploads\/2016\/12\/face-17-150x150.png 150w, https:\/\/www.kimble.fi\/wordpress\/wp-content\/uploads\/2016\/12\/face-17-160x160.png 160w, https:\/\/www.kimble.fi\/wordpress\/wp-content\/uploads\/2016\/12\/face-17-320x320.png 320w, https:\/\/www.kimble.fi\/wordpress\/wp-content\/uploads\/2016\/12\/face-17.png 184w\" sizes=\"(max-width: 50px) 100vw, 50px\" \/><\/a> <span style=\"color: #808080;\">Seuraa turnausta kimble.fi<\/span> <a href=\"https:\/\/www.facebook.com\/kimble.fi\/\" target=\"_blank\" rel=\"noopener noreferrer\">Facebookissa!<\/a><a href=\"https:\/\/www.facebook.com\/kimble.fi\/\"><br \/>\n<\/a><\/p>\n<p>&nbsp;<\/p>\n<p><img loading=\"lazy\" decoding=\"async\" class=\"aligncenter wp-image-1228 size-large\" src=\"https:\/\/www.kimble.fi\/wordpress\/wp-content\/uploads\/2017\/01\/pelaajille_banner_3-1024x559.jpg\" alt=\"\" width=\"1024\" height=\"559\" srcset=\"https:\/\/www.kimble.fi\/wordpress\/wp-content\/uploads\/2017\/01\/pelaajille_banner_3-1024x559.jpg 1024w, https:\/\/www.kimble.fi\/wordpress\/wp-content\/uploads\/2017\/01\/pelaajille_banner_3-300x164.jpg 300w, https:\/\/www.kimble.fi\/wordpress\/wp-content\/uploads\/2017\/01\/pelaajille_banner_3-768x419.jpg 768w, https:\/\/www.kimble.fi\/wordpress\/wp-content\/uploads\/2017\/01\/pelaajille_banner_3.jpg 1063w\" sizes=\"(max-width: 1024px) 100vw, 1024px\" \/><\/p>\n","protected":false},"excerpt":{"rendered":"<p>Suomeksi \u00a0 \u00a0 p\u00e5 svenska Vuonna 2017, kun Suomi juhlii satavuotista ja Kimble viisikymmenvuotista historiaansa, Tactic Games j\u00e4rjesti Suomi100-ohjelmistoon kuuluvan Suomi pelaa Kimble\u00e4 -turnauksen! Turnaus on p\u00e4\u00e4ttynyt. Katso tulokset t\u00e4\u00e4lt\u00e4.\u00a0 Kilpailussa ratkaisevat taidot Kimblen&#46;&#46;&#46;<\/p>\n","protected":false},"author":2,"featured_media":0,"parent":214,"menu_order":1,"comment_status":"closed","ping_status":"closed","template":"","meta":{"footnotes":""},"class_list":["post-549","page","type-page","status-publish","hentry"],"_links":{"self":[{"href":"https:\/\/www.kimble.fi\/wordpress\/index.php\/wp-json\/wp\/v2\/pages\/549"}],"collection":[{"href":"https:\/\/www.kimble.fi\/wordpress\/index.php\/wp-json\/wp\/v2\/pages"}],"about":[{"href":"https:\/\/www.kimble.fi\/wordpress\/index.php\/wp-json\/wp\/v2\/types\/page"}],"author":[{"embeddable":true,"href":"https:\/\/www.kimble.fi\/wordpress\/index.php\/wp-json\/wp\/v2\/users\/2"}],"replies":[{"embeddable":true,"href":"https:\/\/www.kimble.fi\/wordpress\/index.php\/wp-json\/wp\/v2\/comments?post=549"}],"version-history":[{"count":58,"href":"https:\/\/www.kimble.fi\/wordpress\/index.php\/wp-json\/wp\/v2\/pages\/549\/revisions"}],"predecessor-version":[{"id":1543,"href":"https:\/\/www.kimble.fi\/wordpress\/index.php\/wp-json\/wp\/v2\/pages\/549\/revisions\/1543"}],"up":[{"embeddable":true,"href":"https:\/\/www.kimble.fi\/wordpress\/index.php\/wp-json\/wp\/v2\/pages\/214"}],"wp:attachment":[{"href":"https:\/\/www.kimble.fi\/wordpress\/index.php\/wp-json\/wp\/v2\/media?parent=549"}],"curies":[{"name":"wp","href":"https:\/\/api.w.org\/{rel}","templated":true}]}}