{"id":57,"date":"2016-12-05T10:36:20","date_gmt":"2016-12-05T10:36:20","guid":{"rendered":"http:\/\/www.kimble.fi\/wordpress\/?page_id=57"},"modified":"2019-04-04T13:42:23","modified_gmt":"2019-04-04T12:42:23","slug":"tactic-games-oy","status":"publish","type":"page","link":"https:\/\/www.kimble.fi\/wordpress\/index.php\/tactic-games-oy\/","title":{"rendered":"Tactic Games Oy"},"content":{"rendered":"<p><strong><span style=\"color: #808080;\"><a href=\"http:\/\/www.tactic.net\/\" target=\"_blank\" rel=\"noopener noreferrer\"><img loading=\"lazy\" decoding=\"async\" class=\"alignright wp-image-155 size-full\" src=\"https:\/\/www.kimble.fi\/wordpress\/wp-content\/uploads\/2016\/12\/Tactic_logo.png\" width=\"254\" height=\"124\" \/><\/a>Tervetuloa Tacticin maailmaan!<\/span><\/strong><\/p>\n<p>\u00a0<\/p>\n<p><span style=\"color: #808080;\">Iloiset hetket, hauskat sattumukset ja kutkuttavat tilanteet \u2013 niist\u00e4 hyv\u00e4t lautapelit tehd\u00e4\u00e4n!<\/span><\/p>\n<p><span style=\"color: #808080;\">Tactic on suomalainen ja kansainv\u00e4linen pelitalo, joka on suunnitellut ja tuottanut suomalaisten suosikkipelej\u00e4 jo puolen vuosisadan ajan. Porissa sijaitsevassa tehtaassa valmistuu Kimble, Alias ja lukemattomia muita upeita pelej\u00e4, mutta niit\u00e4 vied\u00e4\u00e4n my\u00f6s yli 70 maahan ymp\u00e4ri maailmaa.<\/span><\/p>\n<p><span style=\"color: #808080;\">Tarinamme alkoi vuonna 1967, kun yhti\u00f6n perustaja Aarne Heljakka p\u00e4\u00e4tti tuoda markkinoille uudenlaisen lautapelin, Kimblen. Viiden vuosikymmenen j\u00e4lkeen yhti\u00f6 on kasvanut suurempiin tuotantotiloihin ja kansainv\u00e4lisiin mittasuhteisiin. T\u00e4rkeint\u00e4 meille on kuitenkin edelleen tuottaa pelaajille laadukkaita tuotteita, kest\u00e4v\u00e4\u00e4 suomalaista suunnittelua sek\u00e4 ikimuistoisia ja l\u00e4mpimi\u00e4 yhdess\u00e4 olon hetki\u00e4!<\/span><\/p>\n<p><span style=\"color: #808080;\">Lis\u00e4tietoa: <a href=\"http:\/\/www.tactic.net\/\" target=\"_blank\" rel=\"noopener noreferrer\"><u>www.tactic.net<\/u><\/a><\/span><\/p>\n<p><a href=\"https:\/\/www.kimble.fi\/wordpress\/wp-content\/uploads\/2016\/12\/tactic_factory.jpg\" data-rel=\"lightbox-image-0\" data-rl_title=\"\" data-rl_caption=\"\" title=\"\"><img loading=\"lazy\" decoding=\"async\" class=\"alignnone wp-image-58\" src=\"https:\/\/www.kimble.fi\/wordpress\/wp-content\/uploads\/2016\/12\/tactic_factory-300x181.jpg\" alt=\"tactic_factory\" width=\"450\" height=\"271\" srcset=\"https:\/\/www.kimble.fi\/wordpress\/wp-content\/uploads\/2016\/12\/tactic_factory-300x181.jpg 300w, https:\/\/www.kimble.fi\/wordpress\/wp-content\/uploads\/2016\/12\/tactic_factory-768x462.jpg 768w, https:\/\/www.kimble.fi\/wordpress\/wp-content\/uploads\/2016\/12\/tactic_factory-1024x617.jpg 1024w, https:\/\/www.kimble.fi\/wordpress\/wp-content\/uploads\/2016\/12\/tactic_factory.jpg 1063w\" sizes=\"(max-width: 450px) 100vw, 450px\" \/><\/a> <iframe loading=\"lazy\" src=\"https:\/\/www.youtube.com\/embed\/eKL6_Wwy2r4\" width=\"500\" height=\"271\" frameborder=\"0\" allowfullscreen=\"allowfullscreen\"><\/iframe><\/p>\n<p style=\"text-align: center;\"><span style=\"color: #808080;\">\u00a0<\/span><\/p>\n\n\n<div class=\"rl-gallery-container rl-loading\" id=\"rl-gallery-container-1\" data-gallery_id=\"1829\"> <div class=\"rl-gallery rl-basicgrid-gallery \" id=\"rl-gallery-1\" data-gallery_no=\"1\"> <div class=\"rl-gallery-item\"><a href=\"https:\/\/www.kimble.fi\/wordpress\/wp-content\/uploads\/2019\/04\/2.png\" title=\"\" data-rl_title=\"\" class=\"rl-gallery-link\" data-rl_caption=\"\" data-rel=\"lightbox-gallery-1\"><img loading=\"lazy\" decoding=\"async\" src=\"https:\/\/www.kimble.fi\/wordpress\/wp-content\/uploads\/2019\/04\/2-300x200.png\" width=\"300\" height=\"200\" alt=\"\"\/><\/a><\/div><div class=\"rl-gallery-item\"><a href=\"https:\/\/www.kimble.fi\/wordpress\/wp-content\/uploads\/2019\/04\/1.png\" title=\"\" data-rl_title=\"\" class=\"rl-gallery-link\" data-rl_caption=\"\" data-rel=\"lightbox-gallery-1\"><img loading=\"lazy\" decoding=\"async\" src=\"https:\/\/www.kimble.fi\/wordpress\/wp-content\/uploads\/2019\/04\/1-300x200.png\" width=\"300\" height=\"200\" alt=\"\"\/><\/a><\/div><div class=\"rl-gallery-item\"><a href=\"https:\/\/www.kimble.fi\/wordpress\/wp-content\/uploads\/2019\/04\/3.png\" title=\"\" data-rl_title=\"\" class=\"rl-gallery-link\" data-rl_caption=\"\" data-rel=\"lightbox-gallery-1\"><img loading=\"lazy\" decoding=\"async\" src=\"https:\/\/www.kimble.fi\/wordpress\/wp-content\/uploads\/2019\/04\/3-300x200.png\" width=\"300\" height=\"200\" alt=\"\"\/><\/a><\/div><div class=\"rl-gallery-item\"><a href=\"https:\/\/www.kimble.fi\/wordpress\/wp-content\/uploads\/2019\/04\/6.png\" title=\"\" data-rl_title=\"\" class=\"rl-gallery-link\" data-rl_caption=\"\" data-rel=\"lightbox-gallery-1\"><img loading=\"lazy\" decoding=\"async\" src=\"https:\/\/www.kimble.fi\/wordpress\/wp-content\/uploads\/2019\/04\/6-300x200.png\" width=\"300\" height=\"200\" alt=\"\"\/><\/a><\/div> <\/div> <\/div>\n\n\n\n<hr class=\"wp-block-separator\"\/>\n\n\n\n<p style=\"text-align:center\">\n\nTactic Games Oy \u00a9 2016&nbsp; \u2022&nbsp; PL 4444, 28101 PORI &nbsp;\u2022&nbsp; Puh. (02) 6244 144 &nbsp;\u2022&nbsp; Fax (02) 6244 211 &nbsp;\u2022&nbsp; info(at)tactic.net &nbsp;\u2022&nbsp; <a href=\"http:\/\/www.tactic.net\/fp.php?lang=FIN\" target=\"_blank\" rel=\"noreferrer noopener\">www.tactic.net<\/a><\/p>\n","protected":false},"excerpt":{"rendered":"<p>Tervetuloa Tacticin maailmaan! \u00a0 Iloiset hetket, hauskat sattumukset ja kutkuttavat tilanteet \u2013 niist\u00e4 hyv\u00e4t lautapelit tehd\u00e4\u00e4n! Tactic on suomalainen ja kansainv\u00e4linen pelitalo, joka on suunnitellut ja tuottanut suomalaisten suosikkipelej\u00e4 jo puolen vuosisadan ajan. Porissa&#46;&#46;&#46;<\/p>\n","protected":false},"author":2,"featured_media":0,"parent":0,"menu_order":7,"comment_status":"closed","ping_status":"closed","template":"","meta":{"footnotes":""},"class_list":["post-57","page","type-page","status-publish","hentry"],"_links":{"self":[{"href":"https:\/\/www.kimble.fi\/wordpress\/index.php\/wp-json\/wp\/v2\/pages\/57"}],"collection":[{"href":"https:\/\/www.kimble.fi\/wordpress\/index.php\/wp-json\/wp\/v2\/pages"}],"about":[{"href":"https:\/\/www.kimble.fi\/wordpress\/index.php\/wp-json\/wp\/v2\/types\/page"}],"author":[{"embeddable":true,"href":"https:\/\/www.kimble.fi\/wordpress\/index.php\/wp-json\/wp\/v2\/users\/2"}],"replies":[{"embeddable":true,"href":"https:\/\/www.kimble.fi\/wordpress\/index.php\/wp-json\/wp\/v2\/comments?post=57"}],"version-history":[{"count":22,"href":"https:\/\/www.kimble.fi\/wordpress\/index.php\/wp-json\/wp\/v2\/pages\/57\/revisions"}],"predecessor-version":[{"id":1831,"href":"https:\/\/www.kimble.fi\/wordpress\/index.php\/wp-json\/wp\/v2\/pages\/57\/revisions\/1831"}],"wp:attachment":[{"href":"https:\/\/www.kimble.fi\/wordpress\/index.php\/wp-json\/wp\/v2\/media?parent=57"}],"curies":[{"name":"wp","href":"https:\/\/api.w.org\/{rel}","templated":true}]}}