{"id":7,"date":"2016-11-09T12:50:26","date_gmt":"2016-11-09T12:50:26","guid":{"rendered":"http:\/\/www.kimble.fi\/wordpress\/index.php\/shop\/"},"modified":"2026-02-12T07:27:37","modified_gmt":"2026-02-12T07:27:37","slug":"tuotteet","status":"publish","type":"page","link":"https:\/\/www.kimble.fi\/wordpress\/index.php\/tuotteet\/","title":{"rendered":"Tuotteet"},"content":{"rendered":"<p>\u00a0<a href=\"https:\/\/www.kimble.fi\/wordpress\/index.php\/tuotteet\/kimble-twist\/\">\u00a0<\/a><a href=\"https:\/\/www.kimble.fi\/wordpress\/index.php\/tuotteet\/herrahakkarainen-kimble\/\">\u00a0<\/a><\/p>\n\n\n<div class=\"wp-block-columns is-layout-flex wp-container-core-columns-is-layout-1 wp-block-columns-is-layout-flex\">\n<div class=\"wp-block-column is-layout-flow wp-block-column-is-layout-flow\">\n<figure class=\"wp-block-image size-full\"><a href=\"https:\/\/www.kimble.fi\/wordpress\/index.php\/tuotteet\/original-kimble\/\"><img loading=\"lazy\" decoding=\"async\" width=\"504\" height=\"547\" src=\"https:\/\/www.kimble.fi\/wordpress\/wp-content\/uploads\/2019\/01\/00400_Kimble_Original_newdesign2019.png\" alt=\"\" class=\"wp-image-1617\" srcset=\"https:\/\/www.kimble.fi\/wordpress\/wp-content\/uploads\/2019\/01\/00400_Kimble_Original_newdesign2019.png 504w, https:\/\/www.kimble.fi\/wordpress\/wp-content\/uploads\/2019\/01\/00400_Kimble_Original_newdesign2019-276x300.png 276w\" sizes=\"(max-width: 504px) 100vw, 504px\" \/><\/a><\/figure>\n<\/div>\n\n\n\n<div class=\"wp-block-column is-layout-flow wp-block-column-is-layout-flow\">\n<figure class=\"wp-block-image size-full\"><a href=\"https:\/\/www.kimble.fi\/wordpress\/index.php\/tuotteet\/junior-kimble\/\"><img loading=\"lazy\" decoding=\"async\" width=\"709\" height=\"709\" src=\"https:\/\/www.kimble.fi\/wordpress\/wp-content\/uploads\/2016\/11\/junior_kimble.png\" alt=\"\" class=\"wp-image-101\" srcset=\"https:\/\/www.kimble.fi\/wordpress\/wp-content\/uploads\/2016\/11\/junior_kimble.png 709w, https:\/\/www.kimble.fi\/wordpress\/wp-content\/uploads\/2016\/11\/junior_kimble-150x150.png 150w, https:\/\/www.kimble.fi\/wordpress\/wp-content\/uploads\/2016\/11\/junior_kimble-300x300.png 300w, https:\/\/www.kimble.fi\/wordpress\/wp-content\/uploads\/2016\/11\/junior_kimble-160x160.png 160w, https:\/\/www.kimble.fi\/wordpress\/wp-content\/uploads\/2016\/11\/junior_kimble-320x320.png 320w\" sizes=\"(max-width: 709px) 100vw, 709px\" \/><\/a><\/figure>\n<\/div>\n\n\n\n<div class=\"wp-block-column is-layout-flow wp-block-column-is-layout-flow\">\n<figure class=\"wp-block-image size-full\"><a href=\"https:\/\/www.kimble.fi\/wordpress\/index.php\/tuotteet\/kimble-twist\/\"><img loading=\"lazy\" decoding=\"async\" width=\"709\" height=\"709\" src=\"https:\/\/www.kimble.fi\/wordpress\/wp-content\/uploads\/2019\/08\/Kimble_twist.png\" alt=\"\" class=\"wp-image-1954\" srcset=\"https:\/\/www.kimble.fi\/wordpress\/wp-content\/uploads\/2019\/08\/Kimble_twist.png 709w, https:\/\/www.kimble.fi\/wordpress\/wp-content\/uploads\/2019\/08\/Kimble_twist-150x150.png 150w, https:\/\/www.kimble.fi\/wordpress\/wp-content\/uploads\/2019\/08\/Kimble_twist-300x300.png 300w, https:\/\/www.kimble.fi\/wordpress\/wp-content\/uploads\/2019\/08\/Kimble_twist-160x160.png 160w, https:\/\/www.kimble.fi\/wordpress\/wp-content\/uploads\/2019\/08\/Kimble_twist-320x320.png 320w\" sizes=\"(max-width: 709px) 100vw, 709px\" \/><\/a><\/figure>\n<\/div>\n<\/div>\n\n\n\n<div class=\"wp-block-columns is-layout-flex wp-container-core-columns-is-layout-2 wp-block-columns-is-layout-flex\">\n<div class=\"wp-block-column is-layout-flow wp-block-column-is-layout-flow\">\n<figure class=\"wp-block-image size-full\"><a href=\"https:\/\/www.kimble.fi\/wordpress\/index.php\/tuotteet\/herrahakkarainen-kimble\/\"><img loading=\"lazy\" decoding=\"async\" width=\"709\" height=\"709\" src=\"https:\/\/www.kimble.fi\/wordpress\/wp-content\/uploads\/2017\/01\/kimble_herrahakkarainen.png\" alt=\"\" class=\"wp-image-1482\" srcset=\"https:\/\/www.kimble.fi\/wordpress\/wp-content\/uploads\/2017\/01\/kimble_herrahakkarainen.png 709w, https:\/\/www.kimble.fi\/wordpress\/wp-content\/uploads\/2017\/01\/kimble_herrahakkarainen-150x150.png 150w, https:\/\/www.kimble.fi\/wordpress\/wp-content\/uploads\/2017\/01\/kimble_herrahakkarainen-300x300.png 300w, https:\/\/www.kimble.fi\/wordpress\/wp-content\/uploads\/2017\/01\/kimble_herrahakkarainen-160x160.png 160w, https:\/\/www.kimble.fi\/wordpress\/wp-content\/uploads\/2017\/01\/kimble_herrahakkarainen-320x320.png 320w\" sizes=\"(max-width: 709px) 100vw, 709px\" \/><\/a><\/figure>\n<\/div>\n\n\n\n<div class=\"wp-block-column is-layout-flow wp-block-column-is-layout-flow\">\n<figure class=\"wp-block-image size-full\"><a href=\"https:\/\/www.kimble.fi\/wordpress\/index.php\/tuotteet\/muumi-kimble-2\/\"><img loading=\"lazy\" decoding=\"async\" width=\"653\" height=\"709\" src=\"https:\/\/www.kimble.fi\/wordpress\/wp-content\/uploads\/2019\/10\/56044_Moomin_Kimble.jpg\" alt=\"\" class=\"wp-image-2178\" srcset=\"https:\/\/www.kimble.fi\/wordpress\/wp-content\/uploads\/2019\/10\/56044_Moomin_Kimble.jpg 653w, https:\/\/www.kimble.fi\/wordpress\/wp-content\/uploads\/2019\/10\/56044_Moomin_Kimble-276x300.jpg 276w\" sizes=\"(max-width: 653px) 100vw, 653px\" \/><\/a><\/figure>\n<\/div>\n\n\n\n<div class=\"wp-block-column is-layout-flow wp-block-column-is-layout-flow\">\n<figure class=\"wp-block-image size-large\"><a href=\"https:\/\/www.kimble.fi\/wordpress\/index.php\/tuotteet\/dinosaur-kimble\/\"><img loading=\"lazy\" decoding=\"async\" width=\"943\" height=\"1024\" src=\"https:\/\/www.kimble.fi\/wordpress\/wp-content\/uploads\/2023\/01\/59355_1-943x1024.jpg\" alt=\"\" class=\"wp-image-2556\" srcset=\"https:\/\/www.kimble.fi\/wordpress\/wp-content\/uploads\/2023\/01\/59355_1-943x1024.jpg 943w, https:\/\/www.kimble.fi\/wordpress\/wp-content\/uploads\/2023\/01\/59355_1-276x300.jpg 276w, https:\/\/www.kimble.fi\/wordpress\/wp-content\/uploads\/2023\/01\/59355_1-768x834.jpg 768w, https:\/\/www.kimble.fi\/wordpress\/wp-content\/uploads\/2023\/01\/59355_1.jpg 1105w\" sizes=\"(max-width: 943px) 100vw, 943px\" \/><\/a><\/figure>\n<\/div>\n<\/div>\n\n\n\n<div class=\"wp-block-columns is-layout-flex wp-container-core-columns-is-layout-3 wp-block-columns-is-layout-flex\">\n<div class=\"wp-block-column is-layout-flow wp-block-column-is-layout-flow\"><\/div>\n\n\n\n<div class=\"wp-block-column is-layout-flow wp-block-column-is-layout-flow\"><\/div>\n\n\n\n<div class=\"wp-block-column is-layout-flow wp-block-column-is-layout-flow\"><\/div>\n<\/div>\n\n\n<div class=\"wp-block-image\">\n<figure class=\"aligncenter size-large\"><a href=\"https:\/\/www.kimble.fi\/wordpress\/index.php\/tuotteet\/kimble-ilme20-pelit\/\"><img loading=\"lazy\" decoding=\"async\" width=\"1024\" height=\"320\" src=\"https:\/\/www.kimble.fi\/wordpress\/wp-content\/uploads\/2020\/03\/kaikki_Kimble-ilme_pelit-1024x320.png\" alt=\"\" class=\"wp-image-2370\" srcset=\"https:\/\/www.kimble.fi\/wordpress\/wp-content\/uploads\/2020\/03\/kaikki_Kimble-ilme_pelit-1024x320.png 1024w, https:\/\/www.kimble.fi\/wordpress\/wp-content\/uploads\/2020\/03\/kaikki_Kimble-ilme_pelit-300x94.png 300w, https:\/\/www.kimble.fi\/wordpress\/wp-content\/uploads\/2020\/03\/kaikki_Kimble-ilme_pelit-768x240.png 768w, https:\/\/www.kimble.fi\/wordpress\/wp-content\/uploads\/2020\/03\/kaikki_Kimble-ilme_pelit-1536x480.png 1536w, https:\/\/www.kimble.fi\/wordpress\/wp-content\/uploads\/2020\/03\/kaikki_Kimble-ilme_pelit.png 1920w\" sizes=\"(max-width: 1024px) 100vw, 1024px\" \/><\/a><\/figure><\/div>\n\n<div class=\"wp-block-image\">\n<figure class=\"aligncenter\"><a href=\"https:\/\/www.kimble.fi\/wordpress\/index.php\/kimble-t-paidat\/\"><img loading=\"lazy\" decoding=\"async\" width=\"1024\" height=\"359\" src=\"https:\/\/www.kimble.fi\/wordpress\/wp-content\/uploads\/2019\/11\/Kimble_t-paidat2-1024x359.jpg\" alt=\"\" class=\"wp-image-2324\" srcset=\"https:\/\/www.kimble.fi\/wordpress\/wp-content\/uploads\/2019\/11\/Kimble_t-paidat2-1024x359.jpg 1024w, https:\/\/www.kimble.fi\/wordpress\/wp-content\/uploads\/2019\/11\/Kimble_t-paidat2-300x105.jpg 300w, https:\/\/www.kimble.fi\/wordpress\/wp-content\/uploads\/2019\/11\/Kimble_t-paidat2-768x269.jpg 768w, https:\/\/www.kimble.fi\/wordpress\/wp-content\/uploads\/2019\/11\/Kimble_t-paidat2.jpg 1290w\" sizes=\"(max-width: 1024px) 100vw, 1024px\" \/><\/a><\/figure><\/div>\n\n\n<hr class=\"wp-block-separator has-css-opacity\"\/>\n\n\n\n<p class=\"has-text-align-center\"><\/p>\n\n\n\n<p class=\"has-text-align-center\">Lataa<a href=\"https:\/\/games.tactic.net\/sovellukset\/\" target=\"_blank\" rel=\"noreferrer noopener\"> t\u00e4\u00e4lt\u00e4 <\/a>Kimblen ilmainen digipeli!<\/p>\n\n\n<div class=\"wp-block-image\">\n<figure class=\"aligncenter\"><img loading=\"lazy\" decoding=\"async\" width=\"500\" height=\"405\" src=\"https:\/\/www.kimble.fi\/wordpress\/wp-content\/uploads\/2016\/11\/tactic_kimble_app.png\" alt=\"\" class=\"wp-image-1099\" srcset=\"https:\/\/www.kimble.fi\/wordpress\/wp-content\/uploads\/2016\/11\/tactic_kimble_app.png 500w, https:\/\/www.kimble.fi\/wordpress\/wp-content\/uploads\/2016\/11\/tactic_kimble_app-300x243.png 300w\" sizes=\"(max-width: 500px) 100vw, 500px\" \/><\/figure><\/div>","protected":false},"excerpt":{"rendered":"<p>\u00a0\u00a0\u00a0 Lataa t\u00e4\u00e4lt\u00e4 Kimblen ilmainen digipeli!<\/p>\n","protected":false},"author":1,"featured_media":0,"parent":0,"menu_order":3,"comment_status":"closed","ping_status":"closed","template":"","meta":{"footnotes":""},"class_list":["post-7","page","type-page","status-publish","hentry"],"_links":{"self":[{"href":"https:\/\/www.kimble.fi\/wordpress\/index.php\/wp-json\/wp\/v2\/pages\/7"}],"collection":[{"href":"https:\/\/www.kimble.fi\/wordpress\/index.php\/wp-json\/wp\/v2\/pages"}],"about":[{"href":"https:\/\/www.kimble.fi\/wordpress\/index.php\/wp-json\/wp\/v2\/types\/page"}],"author":[{"embeddable":true,"href":"https:\/\/www.kimble.fi\/wordpress\/index.php\/wp-json\/wp\/v2\/users\/1"}],"replies":[{"embeddable":true,"href":"https:\/\/www.kimble.fi\/wordpress\/index.php\/wp-json\/wp\/v2\/comments?post=7"}],"version-history":[{"count":103,"href":"https:\/\/www.kimble.fi\/wordpress\/index.php\/wp-json\/wp\/v2\/pages\/7\/revisions"}],"predecessor-version":[{"id":2621,"href":"https:\/\/www.kimble.fi\/wordpress\/index.php\/wp-json\/wp\/v2\/pages\/7\/revisions\/2621"}],"wp:attachment":[{"href":"https:\/\/www.kimble.fi\/wordpress\/index.php\/wp-json\/wp\/v2\/media?parent=7"}],"curies":[{"name":"wp","href":"https:\/\/api.w.org\/{rel}","templated":true}]}}